))/((-24)/(-2412))?
4
Let h = 390 + 348. What is the units digit of h?
8
Suppose 0 = -0*k + 3*k. Suppose -5*g + 3 + 17 = k. Suppose 0 = g*j - 26 - 30. What is the tens digit of j?
1
Suppose -49674 = 15*z - 66*z. What is the hundreds digit of z?
9
Suppose 15*c = 16*c - f - 3897, 3*f = -c + 3901. What is the tens digit of c?
9
Let x be 2/4 - (-14)/4. Let z = -190 + 197. Suppose x*m = z*m - 3. What is the units digit of m?
1
Let x = 64 + -42. Let g = x + 94. What is the hundreds digit of g?
1
Suppose -6*t - 5*t + 15598 = 0. Suppose 5*d - 5*h + 148 - t = 0, 0 = 4*h. What is the tens digit of d?
5
Let p be -2 + 2 + -1 - -21. Suppose r - 4*u = 8 + p, u - 245 = -5*r. Suppose 92 + r = 5*g. What is the tens digit of g?
2
Suppose 5*u = -2*p + 43, 4*p - 26 = -2*u - 12. What is the units digit of u?
9
Let l(b) = b**2 + b + 1. Let m(j) = -j**2 + 4*j - 5. Let h(o) = -o**2 + 3*o - 4. Let s(v) = -7*h(v) + 6*m(v). Let w be s(-2). What is the tens digit of l(w)?
1
Suppose 8*k - 6*k = 4*w + 306, 0 = 5*w + 20. What is the tens digit of k?
4
Let x = -1 + -3. Let w = x - -7. What is the units digit of (-2)/w - 140/(-21)?
6
Let p = 4 - 74. Let v be 3/3 + -3 - p. Let a = v + -46. What is the units digit of a?
2
Let y = 739 - 426. What is the units digit of y?
3
Suppose -21*f - 440 = -5*r - 22*f, 5*r = -2*f + 440. What is the units digit of r?
8
Let d(f) = -f**2 + 30*f - 48. What is the tens digit of d(13)?
7
Let s(l) = l**2 + 14*l + 23. What is the hundreds digit of s(-40)?
0
Suppose 2*x = -q - 2*x + 9, 4*x = 16. Let w(d) = -2*d - 7. What is the units digit of w(q)?
7
Suppose 4*j + 45 = 181. Suppose -3*v + 4*m = -j, v - 20 = -v + 2*m. What is the units digit of -1 + 87/v*2?
8
Let a(c) = -1. Let g(f) = 14*f + 44. Let w(p) = -3*a(p) - g(p). What is the units digit of w(-7)?
7
Let d(b) = b**2 + 4*b - 16. Let r be d(-7). Let h(n) be the first derivative of n**4/4 - 4*n**3/3 - 2*n**2 + 6*n + 1. What is the units digit of h(r)?
1
Suppose -268 = -2*n - 0*n. Suppose -5*o = -39 + n. What is the tens digit of -6*(o/2 + 3)?
3
Suppose j + 10 = 6*j. Suppose -8 = j*u - 6*u. Suppose 25 = 3*f - u*f. What is the tens digit of f?
2
Let v = 8 - 17. Let x(u) = 6*u - 2. Let b(l) = -5*l + 3. Let t(c) = 4*b(c) + 3*x(c). What is the units digit of t(v)?
4
Suppose -3*v + 2466 = -v + 4*x, -v + 1248 = 5*x. What is the tens digit of v?
2
Suppose -3*i = 5*c - 6*i - 42, 0 = 4*c + 3*i - 12. What is the tens digit of (c/4 - 748/(-8)) + 0?
9
Let d(q) = 6*q**2 + 16. What is the units digit of d(6)?
2
Suppose 99*n = 103*n - 8. Suppose -y + 78 + 36 = -n*r, 3*r = -3*y + 369. What is the units digit of y?
0
Let k = 880 + -336. Suppose -f + 3*f = k. What is the units digit of f?
2
Let d(h) = -5*h - 2. Let x be d(-1). Suppose -7*f + x*f = -12. Suppose 2*u = -q - 2*u - 4, -4*q + 10 = f*u. What is the units digit of q?
4
Let b = 337 - -749. What is the units digit of b?
6
Suppose -4*u = -g - 15731, -16277 + 4475 = -3*u - 3*g. What is the hundreds digit of u?
9
Suppose 0 = p - a - 2 - 0, 3*a + 12 = 0. Let v be (p + 3)*(-142)/2. Let f = v - -100. What is the units digit of f?
9
Let w = -22 - -37. Let b = -11 + w. Suppose -4*l + l = o - 18, -3*l + 3 = -b*o. What is the units digit of l?
5
Let m(j) = j**3 - j**2 + 63. Suppose 25 = -o - i - 4*i, 25 = -2*o - 5*i. What is the tens digit of m(o)?
6
Let v(a) = a**2 + 6*a - 16. Let b be v(-8). Let z = -247 - -412. Suppose 5*u - 2*q - z = 0, 3*u - u - 2*q - 72 = b. What is the tens digit of u?
3
Let m(q) = -q**2 - 3*q. Let p be m(-2). What is the units digit of p + (4 + -6 - -28)?
8
Let z(l) = -l**2 + 5*l - 4. Let a be z(4). Let i(p) = p. Let u(g) = g**2 + 4*g - 47. Let n(x) = i(x) - u(x). What is the units digit of n(a)?
7
Suppose -6 = -3*u, 4*x + 3*u + 12 = 190. Suppose 2*w - 2*z - 88 = 0, 2*w - x = w + 2*z. What is the units digit of w?
5
What is the hundreds digit of 2 - (-7 - -9 - 117)?
1
Suppose 0*m + 10 = 2*m. Let d(k) = 25*k - 7. Let q be d(m). Suppose 2*y + q = 5*y + 5*u, y = u + 26. What is the tens digit of y?
3
Let n(v) = 5*v - 4. Let x(g) = 3*g - 3. Let j(k) = 5*n(k) - 7*x(k). What is the tens digit of j(10)?
4
Let y = 5 - 3. Suppose 0 = -y*w + 299 - 17. What is the units digit of w?
1
Let d = 26 - 24. Suppose 5*o + 595 = 5*z, d*o - 421 = -3*z - 69. What is the tens digit of z?
1
Suppose -944 = -4*p - 2*i, 111*i = 109*i. What is the tens digit of p?
3
What is the tens digit of (-2)/7 + ((-7584)/21)/(-4)?
9
Let x(k) = -k - 4 + 3 - k**2 - 1. Let h be x(-3). Let m = h - -11. What is the units digit of m?
3
Let w(a) = 146*a - 885. What is the hundreds digit of w(38)?
6
Let r(o) = 5*o**3 - 3*o**2 + 2. Let p be r(2). Let g be 6 - (6/36 - (-11)/6). Suppose g*h + 2*v = 38, 0 = -4*h - 5*v + 23 + p. What is the units digit of h?
7
Suppose 0*x - 2*x = 148. Suppose -4*f + 5*z - 466 = 0, 20*z - 18*z - 4 = 0. Let k = x - f. What is the tens digit of k?
4
Let o(p) = -8*p**2 + 2*p - 1. Let q be o(1). Suppose 2*z = -z + 18. What is the units digit of 2 - z - q - -2?
5
Let w = 116 - -189. Suppose 4*v - w = -v. What is the units digit of v?
1
Let u(c) = c**2 - 3*c + 4. Let y be u(3). Suppose -38 = -y*h + 34. What is the tens digit of h?
1
Suppose 0 = -33*o + 59779 - 17044. What is the thousands digit of o?
1
Let d(s) = 17*s + 26*s**2 - 18*s + 8*s**2. Let n be d(-1). What is the tens digit of (-154)/(-10) - 14/n?
1
What is the thousands digit of -15*2868/(-27)*(-9)/(-6)?
2
Let r be 1/(18/7374) + 4/(-6). Suppose 12*b - 83 - r = 0. What is the tens digit of b?
4
Suppose 0 = 5*c + 3*v - 66, 2*c + 6*v - 32 = 2*v. Suppose -2*h + 0*d = 5*d - 29, -3*h + 3*d + c = 0. Let j = 16 - h. What is the units digit of j?
9
Suppose 8*d + 154 = 7*d. Let y = d + 83. Let l = y - -106. What is the tens digit of l?
3
Let s(f) = -5*f**3 - f**2 - 4*f + 38. What is the tens digit of s(-5)?
5
Suppose -2*j + 5*v = 81, 5*j + 0*j = 4*v - 194. Let u = j + 26. What is the tens digit of (-446)/(-18) + u/(-54)?
2
Suppose -a + y = -580, -3*a + 4*y + y = -1748. What is the units digit of 18/(-8)*a/(-27)?
8
Suppose 5*z - 1498 = 3*r, 0*r + 3*r + 302 = z. Suppose -5*o + 4*d + z = 0, d = o + 2*o - 178. What is the tens digit of o?
5
What is the thousands digit of ((-26)/(-5))/(22/10230)?
2
Suppose 3518 + 5002 = 30*c. What is the tens digit of c?
8
Suppose 4 = 4*n - 4, 0 = -2*z - 2*n + 1486. What is the units digit of z?
1
Let n = 190 - 39. Let d = n - 22. What is the tens digit of d?
2
Suppose 0 = 4*z - 3*r - 9, -7*z + 12 = -2*z - 3*r. Suppose 0 = a + 2*i - 39, 3*a + z*i = 2*a + 41. What is the units digit of a?
5
Let k(l) = 0*l**2 - 5 + 12*l**2 + 0 - l**3 + 0*l**3 - 14*l. What is the tens digit of k(10)?
5
Let w = 8 - 13. Let g(z) = -z**2 - 4*z - 5. Let r be g(w). What is the tens digit of (r/(-6))/(2/18)?
1
Let x(z) = z**3 - 7*z**2 + 5*z + 6. Let i(g) = 5*g**3 - 34*g**2 + 26*g + 29. Let q(s) = -2*i(s) + 11*x(s). What is the tens digit of q(10)?
3
Suppose 0*m = -5*i + 3*m + 2820, 4*m - 2785 = -5*i. Suppose -31*c + i = -20*c. What is the tens digit of c?
5
Let u be 3/(-6 - -3)*0. Suppose 4*n = -u*n + 4. What is the units digit of n?
1
Suppose q + 928 = 4*f + 5*q, 4 = -q. What is the hundreds digit of f?
2
Suppose 0 = 9*c - 8*c - 8. Suppose 6*j - c*j = -280. What is the hundreds digit of j?
1
Let j = -597 - -1061. What is the tens digit of j?
6
Let f = 54 + -50. What is the hundreds digit of 194 + ((-3)/6 - f/(-8))?
1
Suppose 4*h + 10*d - 12336 = 12*d, -4*d = 5*h - 15433. What is the thousands digit of h?
3
Suppose 0*n - 23460 = -23*n. What is the hundreds digit of n?
0
Let b be (0 - -2)/(-6)*-15. Let v = 62 - b. What is the units digit of v?
7
Let s(o) = o**3 - 7*o**2 - 6*o - 6. Suppose g - 2*g + 8 = 0. What is the units digit of s(g)?
0
Suppose -7 = d + 124. Let i = d - -184. Let c = i + -36. What is the tens digit of c?
1
Suppose 42 + 18 = -6*q. What is the tens digit of 4434/30 - 2/q?
4
Let z(i) = i**3 - 4*i**2 + 3*i - 3. Let g be z(3). Let x be 4 + -1 + g + 0. Suppose 80 = 4*d - 4*q, -d - q + 24 = -x. What is the tens digit of d?
2
Let b(v) = 3*v**3 - 2*v + 1. Let j be b(1). Let y(l) = 3 + l**3 + j*l**2 - l + 0 + 2*l**2. What is the units digit of y(-4)?
7
Suppose 17 = -4*i + 13, -103 = 2*u + 3*i. Let n = u - -214. What is the tens digit of n?
6
Suppose -10*z - 92488 = -54*z. What is the thousands digit of